-3*p, -y + 4 = y + p. List the prime factors of y.
2
Let p(r) = -r**3 - 3*r**2 - 3*r. Let o be p(-2). Suppose -5*l - o*m = -50, -5*l + 5*m = -18 - 67. List the prime factors of l.
2, 3
Let w = -17 + 24. Let m(z) = 2*z - 1. What are the prime factors of m(w)?
13
Let p(g) = g**2 + 1. Let m be p(1). Suppose 4*d - 31 = -m*x + 11, -2*d + 2*x = -30. Suppose 6 = 2*y - d. List the prime factors of y.
3
List the prime factors of (-181)/(-2) + (-3)/(-6).
7, 13
Let p(i) = 2*i**2 + 10*i + 10. What are the prime factors of p(-7)?
2, 19
Let h(l) = l**3 + 6*l**2 + 5*l - 3. Let k be h(-4). Suppose 0 = 6*f - 3*f - k. List the prime factors of f.
3
Suppose -10*b - 1032 = -16*b. List the prime factors of b.
2, 43
Suppose 0 = -3*k + 144 - 81. List the prime factors of k.
3, 7
Suppose 4 = -c + 55. Suppose -j = -b + 7 + 2, -5*b + c = j. List the prime factors of b.
2, 5
Let l = 9 + 23. Suppose 0 = 5*w - l + 12. List the prime factors of w.
2
Let q(v) be the first derivative of v**3/3 + 7*v**2/2 + 10*v + 2. What are the prime factors of q(-7)?
2, 5
Let f = -35 + 87. What are the prime factors of f?
2, 13
Suppose -12 = -q - 4*o, 0 = q + 3*o - 8*o + 33. Let s(k) = k**2 + 6*k - 10. Let n be s(q). What are the prime factors of 10/n + 1/3?
2
Let n(r) = r**2 + 4. Let a be n(0). Suppose 2*l + 0 = a. List the prime factors of ((-3)/l)/((-6)/32).
2
Suppose -2*u - 5*l + 762 = 0, -u + 411 = -0*u - 5*l. What are the prime factors of u?
17, 23
Let f(t) = -t**2 - 2*t + 86. List the prime factors of f(0).
2, 43
What are the prime factors of ((-28)/(-3))/((-8)/(-48))?
2, 7
Let x = -72 - -121. List the prime factors of x.
7
Let i = 40 + -64. List the prime factors of 9*(-2)/i*4.
3
Let h = 199 - 133. What are the prime factors of h?
2, 3, 11
What are the prime factors of 1 + (-9)/(36/(-176))?
3, 5
Suppose z + 3*v = 141, 6*z - 4*v = 3*z + 397. List the prime factors of z.
3, 5
Let t(p) be the second derivative of p**5/20 - p**4/3 - p**3/2 - p**2/2 - p. Let v = -5 - -10. What are the prime factors of t(v)?
3
Let c(s) = 2*s**3 - 2*s - 2. Let q be c(-2). Let a = q - -31. What are the prime factors of a?
17
Let b = -56 + 101. Suppose -2*n = -3*c + 78 + b, 3*n = 4*c - 164. List the prime factors of c.
41
List the prime factors of 1/4 + (-366)/(-8).
2, 23
Let j(u) = u**3 + 5*u**2 - 7*u - 1. Let b be j(-6). Suppose 3*l = -b*x + 53, -4*x + 72 = 3*l - 8*l. List the prime factors of x + (-3 - -2) + -1.
11
Let v(d) = d**2 + 7*d - 1. List the prime factors of v(-8).
7
Let j(b) = 3*b**2 + 6*b + 2. Let g be j(-4). Let l be g/(-1)*1/(-2). Suppose 0 = -r + l - 1. What are the prime factors of r?
2, 3
Let o = -200 - -262. What are the prime factors of o?
2, 31
Let a be 0 + -3*(-14 + 0). Let w = 17 + -15. Suppose -w*g - 8 = -a. List the prime factors of g.
17
Let s(m) = -5*m**2 - 2*m - 1. Let g(i) = 14*i**2 + 5*i + 3. Let b(c) = 4*g(c) + 11*s(c). Let d be b(3). Suppose -13 = -d*q + 3. What are the prime factors of q?
2
Let d be (-2 + 5)*8/6. What are the prime factors of ((-2)/(-2))/(d/56)?
2, 7
Let i be (-4 + 4)*(-1)/2. Suppose -4*z = b - 5*z - 52, b + 3*z - 32 = i. What are the prime factors of b?
47
Suppose 0 = 2*o - 67 - 37. Suppose 5*k - 4*n - 28 - 36 = 0, 4*k - 4*n = o. List the prime factors of k.
2, 3
Suppose 13 - 54 = -r. What are the prime factors of r?
41
Suppose 0 = 3*l - 2*i - 6, 4*l - 5*l = 3*i - 2. Suppose l*u = u + 7. What are the prime factors of u?
7
Suppose -6*c + 292 = -2*c. List the prime factors of c.
73
Let v = 1079 + -756. List the prime factors of v.
17, 19
Let o(n) be the first derivative of n**5/60 - 5*n**4/24 - n**3/2 - 3*n**2/2 + 1. Let x(d) be the second derivative of o(d). What are the prime factors of x(7)?
11
Suppose -74 = -5*b - 14. Let t = b + -8. List the prime factors of 1/(2/t)*5.
2, 5
Let h(w) = 3*w - 7. Suppose 0 = -t - 4*t + 40. List the prime factors of h(t).
17
Let t = -5 + -3. Let m = 1 - t. What are the prime factors of m - (2 - (-2 + 5))?
2, 5
Suppose 0 = 4*x - 295 - 1. Let v = x - 43. Suppose 6*k - 3*k = 3*h - 21, 4*h = k + v. What are the prime factors of h?
2
Let x(r) = r + 5. Let i = -17 + 9. Let n(u) = -u**2 - 8*u + 5. Let h be n(i). What are the prime factors of x(h)?
2, 5
Suppose 0 = 2*r + 6, -r - 56 + 143 = 2*z. What are the prime factors of z?
3, 5
Let j(m) = -5*m**2 + 3*m + 2. Let n(t) = -5*t**2 + 3*t + 2. Let w(x) = -6*j(x) + 5*n(x). List the prime factors of w(-1).
2, 3
Let b = -37 + 22. Let g = b + 9. What are the prime factors of g*(-3)/((-18)/(-3))?
3
Let r = -6 + 2. Suppose 0*f + 20 = -4*f. What are the prime factors of (r/f)/(2/20)?
2
Suppose 5*n - 1 = 3*y, 2*n - 4*y + 2 = -3*n. Suppose 4*d + 5*r - 137 = 0, -3*r = -d + 32 - n. What are the prime factors of d?
3, 11
Let g(u) = 2*u**2 - 5*u + 3. List the prime factors of g(5).
2, 7
Suppose -537 = -4*t + 463. List the prime factors of t/15 + 2/(-3).
2
Let q(v) = v**3 - 7*v**2 + 4*v + 6. Let x be q(6). Let i = x - -12. What are the prime factors of i?
2, 3
Let v be 0/((1 - 0)*-1). What are the prime factors of (-2 + 1 - v) + 13?
2, 3
Let l(d) = 1 + 0 - 5*d + 12*d + d**2. Let v be l(-5). Let g = v - -20. List the prime factors of g.
11
Let t be 3*-1 - (-88 + -5). Suppose -3*r - 18 = t. What are the prime factors of ((-189)/r)/((-2)/(-8))?
3, 7
Let n = 18 - 11. Let s = n - -3. Suppose 3*d + j = 4, 9*d + 5*j + s = 4*d. List the prime factors of d.
3
Let o(p) = 3*p - 8. Let z be o(8). Suppose -3*h = 4*t - 54 - 46, z = 4*h. List the prime factors of t.
2, 11
Let y(s) = 17*s + 1. Let z be (-16)/(-40) - (-8)/5. What are the prime factors of y(z)?
5, 7
What are the prime factors of 197 - (15/5 + -4)?
2, 3, 11
Suppose 4*y - y = -3*x + 894, 1157 = 4*y - 3*x. What are the prime factors of y?
293
Let t(w) = -w - 4. Let a be t(0). What are the prime factors of (-4)/(a/(-3)) + 11?
2
Suppose 4 = -3*p - p. Suppose -14*i + 7*i = -42. List the prime factors of (3/i)/(p/(-38)).
19
Suppose 5*w = 5*s - 10*s + 245, 3*w + 9 = 0. Suppose -2*j - s = -5*i + 2*j, -5*j + 10 = 0. List the prime factors of i.
2, 3
Let f(v) = v**3 + 13*v**2 - v + 38. What are the prime factors of f(-13)?
3, 17
Let v(p) = -p**3 + p**2 + p + 5. Let h be 2/12*3*0. Let u be v(h). Suppose 4*d + u*x - 35 = 0, -4*x = d + 4*d - 37. What are the prime factors of d?
5
Let b = -42 - -222. List the prime factors of b.
2, 3, 5
Suppose 5*b = 11 - 31, -2*g - 5*b = 24. Let x = 4 + g. List the prime factors of (x/4)/(2/68).
17
Suppose 0 = -i - 3*i - y + 15, 0 = -3*i - 2*y + 10. What are the prime factors of 0/(2 - i) + 12?
2, 3
Suppose 31 = -4*z + 167. What are the prime factors of z?
2, 17
Suppose 2*y + k = 0, 8*k - 2 = -3*y + 6*k. What are the prime factors of (48 + y)/(0 - -2)?
23
Let r = 78 + -56. Suppose -r - 18 = -4*d. What are the prime factors of d?
2, 5
Let g(i) be the third derivative of i**6/120 - i**5/60 + i**4/24 + 2*i**3/3 - i**2. Suppose 3*s = -k - 2, -k = 3*s + 3*k + 8. List the prime factors of g(s).
2
Let f = -37 + 65. List the prime factors of f.
2, 7
Let a(u) = 3*u**2 + 13*u + 24. What are the prime factors of a(-6)?
2, 3
Let l be (-202)/(-18) - 4/18. Suppose 3*v - 4*h - l = 21, -2*h = 10. Suppose 0 = -x, d + 0*d = v*x + 9. List the prime factors of d.
3
Let c be (1/(-3))/((-2)/30). Suppose -3*w + a = -2*w - 8, 0 = w - c*a - 24. What are the prime factors of w?
2
Suppose -78 = 5*t + 4*c - 13, 0 = -t - c - 12. Let l = t + 55. What are the prime factors of l?
2, 19
Suppose 3*p + 11 = -16. Let u = 2 - p. List the prime factors of u.
11
Let p(g) = -g**3 + 5*g**2 + 2*g - 1. List the prime factors of p(-3).
5, 13
Let y be 2/(-7) + (-407)/(-77). Suppose -3*f + y = -4*b, -3*b + 42 + 5 = 5*f. What are the prime factors of f?
7
Let b(z) = z**2 - 5*z - 9. Let q(u) = u**2 - 10*u - 18. Let j(n) = 7*b(n) - 4*q(n). List the prime factors of j(-4).
37
Let f = 21 + -18. Suppose -g + f = -2. List the prime factors of g.
5
Let j = -18 + 38. List the prime factors of j.
2, 5
Suppose 0 = -3*l - s + 92, -3*s = 4*l - 7*l + 108. List the prime factors of l.
2
Let k = 9 - 3. Suppose -10 - k = -v. List the prime factors of v.
2
Let g = 749 + -493. What are the prime factors of g?
2
Let x = -2 + 5. Let l = 10 - x. Suppose m - 30 = -l. What are the prime factors of m?
23
Suppose 5*m + 4*o = 34, 5*m - 23 = 4*o + 3. What are the prime factors of m?
2, 3
Suppose -